21.
21
What is the highest common factor of 664 and 83?
83
What is the highest common factor of 12 and 1284?
12
What is the greatest common divisor of 27 and 43389?
27
Calculate the highest common divisor of 1507 and 121.
11
What is the greatest common divisor of 54 and 87534?
54
Calculate the highest common divisor of 6325 and 75.
25
Calculate the greatest common factor of 308 and 2002.
154
What is the highest common factor of 18 and 4?
2
Calculate the greatest common factor of 58 and 203.
29
Calculate the greatest common divisor of 1923 and 3.
3
What is the greatest common factor of 227 and 2?
1
Calculate the highest common factor of 12 and 126.
6
What is the greatest common divisor of 2 and 514?
2
Calculate the highest common factor of 14 and 3.
1
Calculate the greatest common factor of 112 and 21.
7
What is the highest common factor of 4 and 5604?
4
What is the highest common divisor of 2622 and 115?
23
What is the greatest common factor of 126 and 90?
18
What is the greatest common factor of 252 and 4592?
28
Calculate the highest common factor of 298 and 9089.
149
Calculate the highest common divisor of 54 and 24.
6
What is the highest common factor of 39 and 325?
13
What is the highest common divisor of 9 and 88?
1
What is the highest common factor of 588 and 48?
12
What is the greatest common factor of 609 and 3003?
21
What is the greatest common factor of 92 and 1932?
92
What is the greatest common factor of 245 and 140?
35
Calculate the greatest common divisor of 7327 and 17.
17
Calculate the greatest common divisor of 53142 and 102.
102
Calculate the greatest common divisor of 5376 and 112.
112
What is the greatest common factor of 8791 and 472?
59
What is the greatest common factor of 97 and 11?
1
Calculate the greatest common factor of 98 and 91.
7
Calculate the highest common factor of 1161 and 2107.
43
Calculate the greatest common divisor of 31395 and 69.
69
Calculate the greatest common divisor of 14 and 133.
7
What is the greatest common factor of 9 and 825?
3
Calculate the highest common divisor of 56 and 648.
8
What is the greatest common divisor of 20758 and 214?
214
What is the highest common factor of 21 and 861?
21
What is the highest common divisor of 55 and 8800?
55
What is the highest common divisor of 1462 and 136?
34
What is the greatest common factor of 1050 and 750?
150
Calculate the highest common divisor of 4830 and 2300.
230
What is the highest common divisor of 319 and 572?
11
What is the highest common divisor of 4 and 7?
1
What is the greatest common divisor of 93 and 53661?
93
What is the highest common divisor of 8 and 40?
8
What is the greatest common factor of 31 and 5177?
31
Calculate the highest common divisor of 10 and 4150.
10
Calculate the greatest common factor of 4147 and 203.
29
What is the highest common divisor of 76 and 1026?
38
What is the greatest common factor of 8758 and 2114?
302
Calculate the highest common factor of 67 and 3.
1
Calculate the greatest common factor of 50 and 1390.
10
Calculate the highest common factor of 305 and 61.
61
What is the highest common factor of 9 and 2529?
9
What is the highest common divisor of 550 and 190?
10
Calculate the greatest common factor of 110 and 22.
22
What is the highest common divisor of 399 and 1653?
57
What is the highest common factor of 97 and 1843?
97
Calculate the highest common divisor of 4301 and 34.
17
What is the greatest common divisor of 6 and 312?
6
What is the highest common factor of 33 and 11?
11
Calculate the greatest common factor of 54 and 630.
18
What is the greatest common divisor of 16 and 304?
16
What is the greatest common factor of 44 and 7876?
44
What is the highest common factor of 385 and 935?
55
What is the greatest common divisor of 40 and 1370?
10
Calculate the greatest common factor of 40 and 160.
40
Calculate the greatest common divisor of 64 and 96.
32
Calculate the highest common factor of 1106 and 56.
14
Calculate the greatest common divisor of 135 and 225.
45
Calculate the highest common factor of 200 and 5260.
20
Calculate the highest common factor of 2760 and 120.
120
What is the highest common factor of 16 and 176?
16
What is the greatest common divisor of 31 and 11966?
31
Calculate the greatest common factor of 45 and 4005.
45
What is the highest common factor of 80 and 208?
16
Calculate the highest common divisor of 1066 and 82.
82
What is the greatest common factor of 1342 and 33?
11
Calculate the highest common divisor of 460 and 276.
92
What is the highest common divisor of 1950 and 150?
150
Calculate the greatest common factor of 49 and 784.
49
What is the greatest common divisor of 812 and 28?
28
Calculate the greatest common divisor of 10 and 1200.
10
What is the greatest common factor of 49 and 35?
7
Calculate the highest common divisor of 768 and 928.
32
What is the highest common factor of 7 and 623?
7
Calculate the greatest common divisor of 221 and 136.
17
What is the greatest common factor of 1648 and 32?
16
What is the highest common factor of 9 and 729?
9
What is the greatest common factor of 2673 and 54?
27
What is the highest common divisor of 329 and 1081?
47
Calculate the highest common divisor of 1376 and 946.
86
What is the greatest common divisor of 6 and 102?
6
What is the highest common factor of 150 and 180?
30
What is the highest common factor of 105 and 1185?
15
Calculate the greatest common factor of 384 and 816.
48
What is the greatest common divisor of 144 and 176?
16
Calculate the highest common factor of 2 and 28.
2
What is the greatest common divisor of 110 and 40?
10
Calculate the greatest common factor of 2 and 6818.
2
What is the greatest common divisor of 216 and 243?
27
What is the greatest common divisor of 756 and 693?
63
Calculate the greatest common factor of 30 and 40.
10
Calculate the highest common factor of 250 and 176.
2
What is the highest common factor of 12 and 484?
4
Calculate the highest common factor of 10215 and 27.
9
What is the highest common factor of 800 and 70?
10
What is the highest common factor of 21981 and 51?
51
What is the greatest common divisor of 153 and 9?
9
What is the highest common divisor of 625 and 1275?
25
Calculate the greatest common factor of 73 and 7811.
73
What is the highest common factor of 77 and 1232?
77
What is the greatest common factor of 6175 and 1976?
247
What is the greatest common factor of 20 and 220?
20
What is the greatest common divisor of 2204 and 812?
116
Calculate the greatest common divisor of 689 and 106.
53
Calculate the greatest common divisor of 112 and 160.
16
What is the greatest common factor of 46 and 2116?
46
What is the highest common divisor of 36 and 99?
9
What is the highest common divisor of 1160 and 40?
40
What is the highest common divisor of 36 and 156?
12
Calculate the greatest common factor of 56 and 70.
14
What is the highest common divisor of 90 and 930?
30
What is the greatest common factor of 242 and 704?
22
What is the highest common divisor of 157 and 1?
1
What is the highest common factor of 22 and 12?
2
What is the highest common factor of 22155 and 315?
105
Calculate the greatest common divisor of 2 and 7.
1
Calculate the greatest common divisor of 424 and 6.
2
What is the highest common factor of 306 and 986?
34
Calculate the greatest common divisor of 21 and 17.
1
Calculate the highest common divisor of 168505 and 67.
67
Calculate the highest common divisor of 736 and 46.
46
Calculate the greatest common divisor of 123 and 697.
41
Calculate the highest common divisor of 78 and 208.
26
Calculate the greatest common divisor of 558 and 2325.
93
Calculate the greatest common divisor of 25388 and 88.
44
What is the highest common divisor of 312 and 3328?
104
Calculate the highest common factor of 4161 and 57.
57
What is the highest common divisor of 94 and 799?
47
What is the highest common divisor of 104 and 7432?
8
Calculate the highest common divisor of 10 and 84.
2
What is the greatest common divisor of 3906 and 504?
126
Calculate the greatest common divisor of 40 and 820.
20
Calculate the highest common divisor of 23 and 81.
1
Calculate the greatest common divisor of 18 and 46566.
18
What is the greatest common factor of 35925 and 150?
75
Calculate the highest common divis